*2 - 73*m + 343. Give h(68).
3
Let h(w) = -2*w**2 + 101*w - 678. Determine h(43).
-33
Let i(s) = -1638*s + 3105. Determine i(2).
-171
Let g(p) = -190*p - 724. Calculate g(-4).
36
Let p(h) = 2*h**3 - 552*h**2 - 554*h + 14. What is p(277)?
14
Let r(t) = 13*t**3 + 2*t**2 - 14*t - 40. What is r(-2)?
-108
Let n(u) = 5*u**3 + 156*u**2 + 34*u + 29. Give n(-31).
-64
Let h(w) = w**3 + 73*w**2 + 75*w + 213. Give h(-72).
-3
Let x(h) = -2*h**2 - 12*h + 70. What is x(-7)?
56
Let a(j) = 41*j - 309. Determine a(10).
101
Let h(w) = -w**3 + 33*w**2 - 26*w - 222. Calculate h(32).
-30
Let q(g) = -3*g - 1622. Determine q(0).
-1622
Let i(f) = 16143*f + 16139. Give i(-1).
-4
Let s(b) = -3*b**3 + 15*b**2 - 76*b + 266. Calculate s(4).
10
Let f(y) = 26*y**2 - 56*y + 120. Give f(2).
112
Let s(j) = j**2 - 191*j + 6954. What is s(49)?
-4
Let r(g) = g**3 - 6*g**2 + 7*g - 16. What is r(6)?
26
Let w(a) = 287*a + 3067. What is w(-10)?
197
Let s(q) = -q**3 + 24*q**2 - 134*q + 1483. What is s(21)?
-8
Let j(y) = 2*y**2 - 88*y + 354. Give j(39).
-36
Let p(h) = -82*h**2 + 743*h - 40. What is p(9)?
5
Let x(l) = -2*l**3 - 129*l**2 - 105*l - 2619. Calculate x(-64).
5
Let t(n) = -n**3 + 16*n**2 + 24*n - 623. What is t(14)?
105
Let g(n) = -2*n**2 - 249*n + 105. Calculate g(-125).
-20
Let s(k) = -k**2 - 240*k - 1173. What is s(-5)?
2
Let c(u) = 60*u - 2234. Give c(37).
-14
Let s(c) = 1184*c - 2272. Determine s(2).
96
Let c(p) = 5*p - 84. What is c(4)?
-64
Let j(t) = -723*t + 80991. Calculate j(112).
15
Let z(b) = b**3 + 24*b**2 + b + 10. Give z(-24).
-14
Let s(o) = -29*o - 744. Determine s(-26).
10
Let a(x) = x**3 - 12*x**2 - 66*x + 19. Calculate a(16).
-13
Let a(b) = 19*b**3 + 4*b**2 - 10*b - 2. Give a(2).
146
Let h(f) = -f**2 - 141*f + 1036. Determine h(7).
0
Let g(a) = -28*a**2 + 7*a + 9. Give g(-1).
-26
Let b(q) = q**2 + 49*q + 603. Determine b(-27).
9
Let r(m) = m**2 + 119*m - 12968. Calculate r(-188).
4
Let q(m) = -2*m**2 - 32*m - 10. Calculate q(-10).
110
Let t(q) = -2*q**2 + 482*q - 2374. Determine t(5).
-14
Let u(t) = 6*t**2 - 2*t + 38. What is u(0)?
38
Let u(c) = -25*c + 71. Calculate u(2).
21
Let w(d) = 140*d**3 + 26*d**2 - 17*d - 8. Determine w(1).
141
Let g(u) = u**2 + 887*u + 118571. Calculate g(-164).
-1
Let j(d) = -5*d**3 - 16*d**2 + 134*d + 17. Determine j(-7).
10
Let j(c) = -6*c**2 - 32*c + 2. Give j(-6).
-22
Let w(h) = -16*h + 1761. Determine w(84).
417
Let d(v) = v**3 + 194*v**2 + 19*v + 3667. What is d(-194)?
-19
Let s(p) = 8*p**2 + 88*p + 59. Determine s(-7).
-165
Let n(b) = b**2 + 299*b + 21541. Give n(-121).
3
Let y(h) = 4*h**3 - 114*h**2 + 165*h - 70. Give y(27).
11
Let m(r) = 1281*r + 154999. What is m(-121)?
-2
Let v(a) = -7992*a - 23974. Determine v(-3).
2
Let p(b) = -2*b**3 - 6*b**2 + 2*b - 117. Give p(-5).
-27
Let i(v) = -8*v**2 + 451*v - 860. Determine i(2).
10
Let c(d) = 2*d**3 + 8*d**2 + 277*d - 6. Determine c(0).
-6
Let d(k) = -k**3 - k**2 - 104*k - 735. Give d(-6).
69
Let s(r) = -r**3 + 20*r**2 - 22*r + 39. Give s(19).
-18
Let w(f) = f**3 - 8*f**2 - 42*f - 78. What is w(12)?
-6
Let w(q) = 475*q + 466. What is w(-1)?
-9
Let o(n) = -4*n**2 - 51*n + 270. Calculate o(4).
2
Let i(w) = -w**3 + 46*w**2 - 442*w - 344. Give i(15).
1
Let p(v) = -174*v + 9442. What is p(54)?
46
Let h(y) = 1650*y - 9852. Calculate h(6).
48
Let l(j) = -41*j - 123. Calculate l(-1).
-82
Let w(m) = -2*m**2 - 28*m + 213. What is w(-13)?
239
Let m(p) = 54*p**2 - 3291*p - 167. Give m(61).
16
Let k(m) = -m**3 + 10*m**2 + 6*m - 77. Give k(10).
-17
Let v(w) = -3123*w + 40605. What is v(13)?
6
Let c(m) = 4812*m - 24048. Determine c(5).
12
Let r(t) = -182*t + 1215. Calculate r(7).
-59
Let m(x) = -x**3 - 43*x**2 - 164*x + 134. Give m(-5).
4
Let j(o) = -198*o - 806. What is j(-4)?
-14
Let k(a) = -64*a - 105. What is k(7)?
-553
Let c(l) = -3*l**2 - 3*l - 12. Calculate c(-5).
-72
Let b(k) = k**3 - 10*k**2 - 20*k + 71. Calculate b(11).
-28
Let y(n) = 8*n**2 - n - 112. Calculate y(4).
12
Let v(o) = 1826*o - 14639. Determine v(8).
-31
Let w(u) = -75*u - 841. Determine w(-20).
659
Let y(f) = -19*f**2 + 1072*f - 457. Calculate y(56).
-9
Let v(g) = 2*g**2 + 41*g + 213. Give v(-9).
6
Let u(y) = -y**3 + 4*y**2 + 7*y - 23. Give u(8).
-223
Let w(c) = c**3 - 32*c**2 + 2*c + 3. What is w(32)?
67
Let c(m) = -96*m - 320. Calculate c(-5).
160
Let y(z) = -2*z**3 + 125*z**2 - 62*z - 122. Give y(62).
-122
Let z(b) = -5*b**2 - 479*b + 1923. Calculate z(4).
-73
Let k(z) = -19*z**2 + 113*z + 4. Give k(6).
-2
Let w(a) = 11*a**3 - 2*a**2 + 35*a + 36. Give w(-1).
-12
Let l(f) = -3*f**3 + 262*f**2 + 25*f + 13294. What is l(88)?
6
Let l(c) = -c**2 + 52*c + 106. Determine l(60).
-374
Let c(f) = 8*f**2 - 71*f + 50. Determine c(8).
-6
Let s(t) = -t - 86. Determine s(16).
-102
Let f(b) = -68*b - 956. Give f(-14).
-4
Let l(c) = -4*c**2 - 860*c - 2506. Calculate l(-212).
38
Let y(f) = 1480*f + 91748. What is y(-62)?
-12
Let p(z) = 2*z**2 - 39*z + 82. Give p(10).
-108
Let p(x) = -503*x + 6. Give p(0).
6
Let o(s) = -3*s + 21. Calculate o(3).
12
Let w(p) = p**3 + 2*p**2 + 38*p - 1231. What is w(9)?
2
Let p(r) = -r**2 + 70*r + 650. Determine p(-9).
-61
Let g(p) = 236*p + 694. Determine g(-7).
-958
Let b(t) = -434*t**3 - t**2 - 11*t + 12. Give b(1).
-434
Let l(t) = 32*t + 1382. Determine l(-41).
70
Let s(o) = 2*o**2 + 3*o - 101. Give s(8).
51
Let d(o) = 5407*o + 37853. What is d(-7)?
4
Let w(s) = -40*s**3 - 19*s**2 + 8*s + 22. What is w(-2)?
250
Let w(c) = -592*c - 3652. Calculate w(-6).
-100
Let u(p) = -p**3 - 77*p**2 - 156*p - 652. Determine u(-75).
-202
Let y(w) = w**3 - 6*w**2 + 10*w - 2. What is y(5)?
23
Let b(a) = 4*a**2 + 58*a + 241. What is b(-7)?
31
Let b(c) = 2*c**2 - 52*c - 61. Determine b(26).
-61
Let o(n) = -183*n - 4216. What is o(-23)?
-7
Let b(n) = 100*n - 29110. Determine b(291).
-10
Let h(v) = v**3 + 19*v**2 + 21*v - 61. Calculate h(-18).
-115
Let h(f) = 60*f + 10976. Determine h(-183).
-4
Let j(c) = 166*c + 924. Give j(-6).
-72
Let u(i) = -i**2 + 291*i - 2274. What is u(8)?
-10
Let m(i) = 608*i - 12775. Determine m(21).
-7
Let r(x) = -x**3 - 23*x**2 - 26*x + 37. Give r(-22).
125
Let z(o) = -15*o - 665. What is z(-44)?
-5
Let o(f) = -204*f + 330. What is o(2)?
-78
Let q(t) = -30*t - 2038. What is q(-65)?
-88
Let g(w) = -939*w + 56. Calculate g(0).
56
Let q(g) = -4*g**2 + 6*g + 196. Calculate q(7).
42
Let l(t) = t**2 - 111*t + 3052. Determine l(61).
2
Let m(d) = d**3 - 9*d**2 + 9*d + 2. Calculate m(7).
-33
Let r(a) = 4*a**2 - 135*a - 41. Give r(34).
-7
Let u(y) = y**3 - 43*y**2 + 265*y + 58. Calculate u(8).
-62
Let o(b) = -9*b**3 - 4*b**2 + 26*b - 33. Calculate o(2).
-69
Let p(y) = 23*y**2 + 281*y + 17. Give p(-12).
-43
Let j(v) = v**3 - 25*v**2 + 60*v - 9. Give j(22).
-141
Let v(n) = 3719*n - 18595. What is v(5)?
0
Let r(q) = -4*q**3 - q**2 + 11*q + 19. Give r(-2).
25
Let q(l) = 3*l**3 + 9*l**2 - 12*l + 5. Calculate q(2).
41
Let k(l) = -l**3 + 27*l**2 - 20*l + 50. Determine k(26).
206
Let v(h) = 124*h + 12030. Give v(-98).
-122
Let k(w) = 336*w + 3559. Give k(-10).
199
Let r(k) = -17*k**2 - 5677*k - 5325. Give r(-333).
3
Let v(g) = -g**2 + 19*g + 443. Give v(-15).
-67
Let r(z) = 210*z - 7839. What is r(37)?
-69
Let b(m) = -m**3 - 18*m**2 - 32*m + 4. Calculate b(-2).
4
Let f(r) = 17*r**2 + 478*r + 925. Calculate f(-26).
-11
Let v(q) = -3*q + 78. Determine v(15).
33
Let d(x) = 191*x**3 - 2*x**2 + x + 3. Give d(-1).
-191
Let n(s) = s**3 + 51*s**2 - 106*s - 48. Calculate n(-53).
-48
Let s(f) = -f**3 - 18*f**2 + 111*f - 99. Determine s(4).
-7
Let b(t) = -2*t**3 - 6*t**2 + 25*t - 15. Give b(3).
-48
Let h(n) = -n**3 + 11*n**2 - 9*n + 7. Calculate h(2).
25
Let u(k) = -k**3 - 10*k**2 + 12*k - 47. What is u(-11)?
-58
Let f(u) = -1130*u + 13557. What is f(12)?
-3
Let l(r) = 28*r + 47. Give l(5).
187
Let c(m) = -m**2 + 20*m + 502. Calculate c(34).
26
Let r(i) = -i**3 + 38*i**2 + 9*i + 1175. Give r(39).
5
Let p(m) = 2*m**2 - 8*m - 387. Calculate p(-12).
-3
Let u(z) = 3*z**3 + 17*z**2 - 2*z + 3. What is u(-2)?
51
Let i(s) = -2*s**2 - 132*s - 1117. What is i(-56)?
3
Let j(f) = -77*f + 17. Give j(2).
-137
Let y(q) = q**3 - 17*q**2 + 57*q - 411. Determine y(15).
-6
Let v(n) = 3*n**3 - 7*n**2 - 281*n + 1048. Determine v(4).
4
Let m(k) = -12*k**2 + 16*k - 14. What is m(2)?
-30
Let r(k) = -k + 80. Give r(-10).
90
Let c(q) = -45*